{"id":74,"date":"2009-09-08T16:33:06","date_gmt":"2009-09-08T16:33:06","guid":{"rendered":"http:\/\/wpzoom.com\/magnet\/demo\/?page_id=2"},"modified":"2025-09-22T12:08:06","modified_gmt":"2025-09-22T12:08:06","slug":"about","status":"publish","type":"page","link":"https:\/\/www.vaszarykeptar.hu\/?page_id=74","title":{"rendered":"R\u00f3lunk"},"content":{"rendered":"\t\t<div data-elementor-type=\"wp-page\" data-elementor-id=\"74\" class=\"elementor elementor-74\">\n\t\t\t\t\t\t\t\t\t<section class=\"elementor-section elementor-top-section elementor-element elementor-element-370c7dc3 elementor-section-boxed elementor-section-height-default elementor-section-height-default\" data-id=\"370c7dc3\" data-element_type=\"section\">\n\t\t\t\t\t\t<div class=\"elementor-container elementor-column-gap-default\">\n\t\t\t\t\t<div class=\"elementor-column elementor-col-100 elementor-top-column elementor-element elementor-element-32320ec\" data-id=\"32320ec\" data-element_type=\"column\">\n\t\t\t<div class=\"elementor-widget-wrap elementor-element-populated\">\n\t\t\t\t\t\t\t\t<div class=\"elementor-element elementor-element-2d476c24 elementor-widget elementor-widget-text-editor\" data-id=\"2d476c24\" data-element_type=\"widget\" data-widget_type=\"text-editor.default\">\n\t\t\t\t<div class=\"elementor-widget-container\">\n\t\t\t<style>\/*! elementor - v3.12.2 - 23-04-2023 *\/\n.elementor-widget-text-editor.elementor-drop-cap-view-stacked .elementor-drop-cap{background-color:#69727d;color:#fff}.elementor-widget-text-editor.elementor-drop-cap-view-framed .elementor-drop-cap{color:#69727d;border:3px solid;background-color:transparent}.elementor-widget-text-editor:not(.elementor-drop-cap-view-default) .elementor-drop-cap{margin-top:8px}.elementor-widget-text-editor:not(.elementor-drop-cap-view-default) .elementor-drop-cap-letter{width:1em;height:1em}.elementor-widget-text-editor .elementor-drop-cap{float:left;text-align:center;line-height:1;font-size:50px}.elementor-widget-text-editor .elementor-drop-cap-letter{display:inline-block}<\/style>\t\t\t\t<!-- wp:image {\"align\":\"center\",\"id\":6831,\"sizeSlug\":\"large\",\"linkDestination\":\"none\"} -->\n<div class=\"wp-block-image\">\n<figure class=\"aligncenter size-large\"><img loading=\"lazy\" class=\"alignnone wp-image-6831 size-full\" src=\"https:\/\/www.vaszarykeptar.hu\/wp-content\/uploads\/2025\/09\/4kor_enterior.jpg\" alt=\"\" width=\"2048\" height=\"927\" srcset=\"https:\/\/www.vaszarykeptar.hu\/wp-content\/uploads\/2025\/09\/4kor_enterior.jpg 2048w, https:\/\/www.vaszarykeptar.hu\/wp-content\/uploads\/2025\/09\/4kor_enterior-300x136.jpg 300w, https:\/\/www.vaszarykeptar.hu\/wp-content\/uploads\/2025\/09\/4kor_enterior-1024x464.jpg 1024w, https:\/\/www.vaszarykeptar.hu\/wp-content\/uploads\/2025\/09\/4kor_enterior-768x348.jpg 768w, https:\/\/www.vaszarykeptar.hu\/wp-content\/uploads\/2025\/09\/4kor_enterior-1536x695.jpg 1536w\" sizes=\"(max-width: 2048px) 100vw, 2048px\" \/>\n<figcaption>N\u00c9GY-KOR \/ In Memoriam Nag\u00e1mi<br \/>fot\u00f3: Luth\u00e1r Krist\u00f3f<\/figcaption>\n<\/figure>\n<\/div>\n<!-- \/wp:image --><!-- wp:paragraph -->\n<p>A Vaszary K\u00e9pt\u00e1r Kaposv\u00e1r \u00e9s a r\u00e9gi\u00f3 legjelent\u0151sebb kort\u00e1rs k\u00e9pz\u0151m\u0171v\u00e9szeti ki\u00e1ll\u00edt\u00f3tere, mely az Egy\u00fcd \u00c1rp\u00e1d Kultur\u00e1lis K\u00f6zpont els\u0151 emelet\u00e9n m\u0171k\u00f6dik. A K\u00e9pt\u00e1r 2021. \u0151sz\u00e9t\u0151l a Csiky Gergely Sz\u00ednh\u00e1z \u00e9s Kultur\u00e1lis K\u00f6zpont K\u00f6zhaszn\u00fa Nonprofit Kft. tagint\u00e9zm\u00e9nye.<\/p>\n<!-- \/wp:paragraph --><!-- wp:paragraph -->\n<p>A k\u00f6zel 500 m<sup>2<\/sup> alapter\u00fclet\u0171, temper\u00e1lt leveg\u0151j\u0171, modern ki\u00e1ll\u00edt\u00f3ter\u00e9ben egyar\u00e1nt megrendez\u00e9sre ker\u00fclnek region\u00e1lis \u00e9s orsz\u00e1gos tematikus t\u00e1rlatok &#8211; csoportos \u00e9s \u00e9letm\u0171 ki\u00e1ll\u00edt\u00e1sok. <br \/>A k\u00e9pt\u00e1r szakmai tev\u00e9kenys\u00e9g\u00e9ben meghat\u00e1roz\u00f3 az a sz\u00e1nd\u00e9k, hogy sokr\u00e9t\u0171 \u00e9s magas sz\u00ednvonal\u00fa t\u00e1mogat\u00e1st biztos\u00edtva seg\u00edtse a helyi k\u00e9pz\u0151m\u0171v\u00e9szeti \u00e9let folyamatos m\u0171k\u00f6d\u00e9s\u00e9t.<\/p>\n<!-- \/wp:paragraph --><!-- wp:paragraph -->\n<p>Az Int\u00e9zm\u00e9ny a somogyi m\u0171v\u00e9szeti szc\u00e9na t\u00e1mogat\u00e1s\u00e1n t\u00fal a mai magyar kort\u00e1rs m\u0171v\u00e9szeti tendenci\u00e1k \u00e9s ir\u00e1nyzatok bemutat\u00e1s\u00e1nak sz\u00ednhelye. K\u00fcldet\u00e9se a 21. sz\u00e1zad \u00e9s a jelenkor kultur\u00e1lis \u00e9rt\u00e9keinek \u00e9s m\u0171v\u00e9szet\u00e9nek min\u00e9l sz\u00e9lesebb k\u00f6rben t\u00f6rt\u00e9n\u0151 k\u00f6zvet\u00edt\u00e9se \u00e9s n\u00e9pszer\u0171s\u00edt\u00e9se &#8211; izgalmas, \u00fajszer\u0171 megk\u00f6zel\u00edt\u00e9seknek teret engedve.<\/p>\n<!-- \/wp:paragraph --><!-- wp:paragraph -->\n<p>T\u00e1rsm\u0171v\u00e9szeteket \u00e9s kultur\u00e1lis szakembereket seg\u00edts\u00e9g\u00fcl h\u00edvva el\u0151ad\u00e1sok, v\u00e1ltozatos szakmai projektek \u00e9s m\u00fazeumpedag\u00f3giai foglalkoz\u00e1sok egyar\u00e1nt szerepelnek a programjai k\u00f6z\u00f6tt.<\/p>\n<!-- \/wp:paragraph -->\t\t\t\t\t\t<\/div>\n\t\t\t\t<\/div>\n\t\t\t\t\t<\/div>\n\t\t<\/div>\n\t\t\t\t\t\t\t<\/div>\n\t\t<\/section>\n\t\t\t\t\t\t\t<\/div>\n\t\t","protected":false},"excerpt":{"rendered":"<p>A Vaszary K\u00e9pt\u00e1r Kaposv\u00e1r \u00e9s a r\u00e9gi\u00f3 legjelent\u0151sebb kort\u00e1rs k\u00e9pz\u0151m\u0171v\u00e9szeti ki\u00e1ll\u00edt\u00f3tere, mely az Egy\u00fcd \u00c1rp\u00e1d Kultur\u00e1lis K\u00f6zpont els\u0151 emelet\u00e9n m\u0171k\u00f6dik. A K\u00e9pt\u00e1r 2021. \u0151sz\u00e9t\u0151l a&hellip;<\/p>\n","protected":false},"author":1,"featured_media":0,"parent":0,"menu_order":0,"comment_status":"closed","ping_status":"closed","template":"","meta":[],"_links":{"self":[{"href":"https:\/\/www.vaszarykeptar.hu\/index.php?rest_route=\/wp\/v2\/pages\/74"}],"collection":[{"href":"https:\/\/www.vaszarykeptar.hu\/index.php?rest_route=\/wp\/v2\/pages"}],"about":[{"href":"https:\/\/www.vaszarykeptar.hu\/index.php?rest_route=\/wp\/v2\/types\/page"}],"author":[{"embeddable":true,"href":"https:\/\/www.vaszarykeptar.hu\/index.php?rest_route=\/wp\/v2\/users\/1"}],"replies":[{"embeddable":true,"href":"https:\/\/www.vaszarykeptar.hu\/index.php?rest_route=%2Fwp%2Fv2%2Fcomments&post=74"}],"version-history":[{"count":10,"href":"https:\/\/www.vaszarykeptar.hu\/index.php?rest_route=\/wp\/v2\/pages\/74\/revisions"}],"predecessor-version":[{"id":6973,"href":"https:\/\/www.vaszarykeptar.hu\/index.php?rest_route=\/wp\/v2\/pages\/74\/revisions\/6973"}],"wp:attachment":[{"href":"https:\/\/www.vaszarykeptar.hu\/index.php?rest_route=%2Fwp%2Fv2%2Fmedia&parent=74"}],"curies":[{"name":"wp","href":"https:\/\/api.w.org\/{rel}","templated":true}]}}